3060.
2, 5, 29, 557
List the prime factors of 198471.
3, 7, 13, 727
What are the prime factors of 25456269?
3, 71, 119513
What are the prime factors of 1193310?
2, 3, 5, 13259
What are the prime factors of 14570484?
2, 3, 83, 14629
List the prime factors of 3147618.
2, 3, 17, 30859
List the prime factors of 24823542.
2, 3, 59, 70123
List the prime factors of 17973481.
181, 199, 499
What are the prime factors of 3466385?
5, 13, 17, 3137
List the prime factors of 461974.
2, 101, 2287
What are the prime factors of 3930019?
67, 58657
What are the prime factors of 176595?
3, 5, 61, 193
What are the prime factors of 12411146?
2, 11, 163, 3461
List the prime factors of 4284521.
59, 101, 719
What are the prime factors of 12110?
2, 5, 7, 173
List the prime factors of 28627323.
3, 9542441
What are the prime factors of 387018?
2, 3, 2389
What are the prime factors of 997476?
2, 3, 101, 823
List the prime factors of 4824963.
3, 11, 13, 23, 163
List the prime factors of 2157987.
3, 13, 55333
What are the prime factors of 22547809?
22547809
What are the prime factors of 756315?
3, 5, 7
List the prime factors of 137896.
2, 11, 1567
What are the prime factors of 2131006?
2, 1065503
What are the prime factors of 492480?
2, 3, 5, 19
List the prime factors of 544481.
7, 77783
List the prime factors of 309393.
3, 7, 1637
List the prime factors of 1604467.
31, 73, 709
What are the prime factors of 2603693?
43, 151, 401
List the prime factors of 23336725.
5, 251, 3719
What are the prime factors of 132817?
132817
List the prime factors of 228091.
23, 47, 211
List the prime factors of 22240791.
3, 79, 10427
What are the prime factors of 652831?
652831
List the prime factors of 82352.
2, 5147
List the prime factors of 10864119.
3, 7, 23, 83, 271
What are the prime factors of 376390?
2, 5, 7, 19, 283
List the prime factors of 671018.
2, 157, 2137
What are the prime factors of 3449434?
2, 29, 59473
What are the prime factors of 234185?
5, 7, 6691
What are the prime factors of 21776591?
21776591
What are the prime factors of 7469867?
1867, 4001
What are the prime factors of 521944?
2, 53, 1231
List the prime factors of 843032.
2, 105379
List the prime factors of 1575622.
2, 787811
What are the prime factors of 17417412?
2, 3, 31, 15607
List the prime factors of 1767112.
2, 220889
What are the prime factors of 459604?
2, 114901
What are the prime factors of 4070212?
2, 1017553
What are the prime factors of 5858994?
2, 3, 97, 10067
What are the prime factors of 2893146?
2, 3, 139, 3469
List the prime factors of 7935762.
2, 3, 47, 107, 263
List the prime factors of 343438.
2, 171719
List the prime factors of 707392.
2, 7, 1579
List the prime factors of 26784.
2, 3, 31
List the prime factors of 10615473.
3, 11, 107227
What are the prime factors of 17452257?
3, 467, 12457
What are the prime factors of 290282?
2, 19, 7639
List the prime factors of 1779371.
11, 161761
List the prime factors of 1887784.
2, 29, 79, 103
List the prime factors of 39807523.
7, 17, 37, 9041
List the prime factors of 895936.
2, 13999
What are the prime factors of 934261?
43, 21727
What are the prime factors of 1989702?
2, 3, 11, 13, 773
List the prime factors of 3304950.
2, 3, 5, 11, 2003
What are the prime factors of 99601?
103, 967
What are the prime factors of 468159?
3, 113, 1381
What are the prime factors of 9340652?
2, 641, 3643
List the prime factors of 1232933.
13, 94841
What are the prime factors of 360195?
3, 5, 11, 37, 59
List the prime factors of 241892.
2, 7, 53, 163
What are the prime factors of 15800616?
2, 3, 13, 17, 331
List the prime factors of 68612.
2, 17, 1009
List the prime factors of 7325684.
2, 23, 79627
List the prime factors of 4356433.
101, 43133
What are the prime factors of 7536580?
2, 5, 139, 2711
What are the prime factors of 4796939?
7, 37, 18521
What are the prime factors of 13995153?
3, 19, 27281
What are the prime factors of 173590?
2, 5, 17359
What are the prime factors of 4109228?
2, 107, 9601
List the prime factors of 2965164.
2, 3, 103, 2399
List the prime factors of 616298.
2, 308149
List the prime factors of 349922.
2, 23, 7607
List the prime factors of 2131173.
3, 11, 19, 103
List the prime factors of 892484.
2, 347, 643
List the prime factors of 1977345.
3, 5, 97, 151
What are the prime factors of 729030?
2, 3, 5, 19, 1279
List the prime factors of 21170741.
23, 920467
List the prime factors of 1579398.
2, 3, 29, 313
What are the prime factors of 131047?
7, 97, 193
List the prime factors of 10878479.
47, 59, 3923
What are the prime factors of 6300550?
2, 5, 126011
List the prime factors of 2622467.
271, 9677
List the prime factors of 10860977.
17, 151, 4231
List the prime factors of 9733616.
2, 773, 787
List the prime factors of 2563577.
139, 18443
List the prime factors of 251217.
3, 103, 271
List the prime factors of 9814301.
7, 431, 3253
List the prime factors of 1489080.
2, 3, 5, 12409
List the prime factors of 469579.
11, 42689
List the prime factors of 561885.
3, 5, 47, 797
List the prime factors of 4079335.
5, 13, 97, 647
List the prime factors of 550630.
2, 5, 17, 41, 79
List the prime factors of 10910661.
3, 967, 3761
List the prime factors of 93733.
67, 1399
What are the prime factors of 1751559?
3, 583853
List the prime factors of 135870.
2, 3, 5, 7, 647
List the prime factors of 19968753.
3, 7, 19, 50047
List the prime factors of 19598817.
3, 7, 53, 17609
What are the prime factors of 8263003?
7, 17, 23, 3019
What are the prime factors of 1028483?
17, 101, 599
What are the prime factors of 3237268?
2, 31, 26107
List the prime factors of 7318468.
2, 1829617
What are the prime factors of 465952?
2, 14561
List the prime factors of 1084116.
2, 3, 11, 43, 191
What are the prime factors of 802071?
3, 89119
What are the prime factors of 119770?
2, 5, 7, 29, 59
What are the prime factors of 5303937?
3, 1767979
List the prime factors of 935010.
2, 3, 5, 3463
List the prime factors of 663816.
2, 3, 17, 1627
What are the prime factors of 278032?
2, 17377
What are the prime factors of 28335238?
2, 67, 211457
What are the prime factors of 1195039?
1195039
List the prime factors of 760253.
13, 58481
What are the prime factors of 159565?
5, 7, 47, 97
What are the prime factors of 222682?
2, 111341
List the prime factors of 21910.
2, 5, 7, 313
List the prime factors of 212489.
103, 2063
What are the prime factors of 304656?
2, 3, 11, 577
List the prime factors of 15896591.
15896591
List the prime factors of 2784690.
2, 3, 5, 30941
What are the prime factors of 1447754?
2, 7, 11, 17, 79
What are the prime factors of 47561?
199, 239
What are the prime factors of 2419749?
3, 268861
List the prime factors of 92929.
19, 67, 73
What are the prime factors of 12587449?
7, 1798207
List the prime factors of 161052.
2, 3, 13421
What are the prime factors of 364810?
2, 5, 191
List the prime factors of 41070.
2, 3, 5, 37
What are the prime factors of 428770?
2, 5, 53, 809
What are the prime factors of 6230993?
17, 19, 101, 191
What are the prime factors of 319058?
2, 29, 5501
List the prime factors of 2331511.
7, 13, 25621
What are the prime factors of 576957?
3, 192319
List the prime factors of 385095.
3, 5, 25673
List the prime factors of 24200327.
1831, 13217
What are the prime factors of 13260557?
191, 69427
List the prime factors of 1583411.
67, 23633
What are the prime factors of 3270078?
2, 3, 7, 41, 211
List the prime factors of 33646.
2, 16823
What are the prime factors of 582453?
3, 64717
List the prime factors of 666125.
5, 73
What are the prime factors of 1076730?
2, 3, 5, 19, 1889
What are the prime factors of 1903720?
2, 5, 7, 13, 523
List the prime factors of 2268532.
2, 7, 81019
List the prime factors of 131768.
2, 7, 13, 181
List the prime factors of 165420.
2, 3, 5, 919
List the prime factors of 1901874.
2, 3, 13, 37, 659
What are the prime factors of 13951025?
5, 11, 97, 523
What are the prime factors of 176225?
5, 7, 19, 53
List the prime factors of 2946995.
5, 19, 67, 463
List the prime factors of 620311.
620311
List the prime factors of 20231988.
2, 3, 7, 107, 2251
List the prime factors of 9763484.
2, 193, 12647
List the prime factors of 1091024.
2, 11, 6199
List the prime factors of 268500.
2, 3, 5, 179
List the prime factors of 2931048.
2, 3, 407